 the highest common divisor of 99 and g.
11
Suppose 0*p - 2*p + 52 = 4*s, 6*p = -4*s + 4. Let o = -252 - -423. What is the greatest common factor of o and s?
19
Let q(j) = 55*j + 94. Let o be q(8). What is the highest common factor of o and 6?
6
Suppose -1834 = -5*q - s, -2*s + 291 = 283. Calculate the greatest common factor of q and 5246.
122
Suppose v = -0*v. Suppose 5*b = -v*b + 135. Let i = -2836 - -3079. What is the greatest common factor of i and b?
27
Suppose 43*h - 348 = 49*h. Let c = -52 - h. Suppose 0 = c*w - 54 - 54. What is the greatest common divisor of w and 36?
18
Let c = -109 + 237. Let k be (c - -5) + 0/3. Let m be k/4 - 24/(-32). Calculate the highest common factor of m and 272.
34
Let c(o) = -o**2 + 16*o - 59. Let i be c(7). Suppose -2*s + 8 = h, 3*s - 4*h + 6 + i = 0. Calculate the highest common factor of 34 and s.
2
Suppose -3*v = 5*q - 2835, -3*v + q = -1403 - 1432. Calculate the greatest common divisor of 225 and v.
45
Let m be 36/(-6)*4/(-6). Let o(y) = y**3 - 6*y + 3. Let d be o(m). Let j = 59 - d. Calculate the highest common divisor of 16 and j.
16
Suppose 55 + 53 = -12*i. Let q(k) = 4*k**2 + 33*k - 11. Let m be q(i). What is the greatest common divisor of m and 36?
4
Let a be 20/2 - (-117 - -118). Calculate the greatest common factor of a and 201.
3
Let b be (7 - 6)/((-1)/(-14)). Let m be 6 + 1*10/2. Let d = b + m. What is the greatest common divisor of d and 275?
25
Let v be 3 + 19/(-5) + (-20)/(-25). Let g(x) = 13*x**2 + 2*x + 180. Let r be g(v). What is the highest common factor of 120 and r?
60
Suppose 4*c + 29*t = 32*t + 531, -c + 124 = t. What is the greatest common divisor of c and 2451?
129
Suppose -3824*q = -3795*q - 146566. What is the highest common factor of q and 2926?
266
Let o = -4185 + 4290. What is the highest common divisor of 525 and o?
105
Suppose 12*t + 874 = -1406. Let f = -8 - t. Calculate the highest common divisor of f and 14.
14
Suppose 3*b + 4*z = 32, -22 = -342*b + 338*b + 5*z. What is the greatest common factor of 664 and b?
8
Let u = 513 + -448. Suppose 2*k - 56 = 2*m, 38 - 8 = k - 2*m. Calculate the highest common divisor of k and u.
13
Let m(h) = h**2 - 2*h + 4. Let s be m(-4). Let g be 13 + 0 + 401 + -50. Calculate the highest common factor of s and g.
28
Suppose -5*d = 15, -2*l + 91 = -4*d + 31. Suppose -5*r = -4*u + 65, -2*r = -4*u - 28 + 90. Calculate the greatest common divisor of u and l.
3
Suppose 534*b - 637*b = -5562. What is the greatest common factor of 78 and b?
6
Suppose -3*o + 6693 = -5874. What is the highest common divisor of 71 and o?
71
Let y(g) = g**2 + 3*g + 14. Let n be y(7). Suppose 0 = -4*m - 2*m - 90. Let x be (42/15)/(0 - 1/m). Calculate the highest common divisor of x and n.
42
Let m(j) = 4 - 8*j**2 - 13*j + 15*j - 3*j**3 - 3*j + 3. Let q be m(-3). Let t(i) = -i + 37. Let o be t(q). Calculate the highest common factor of 3 and o.
3
Suppose 4345 = 5*i - 5*k, -36*i + 3472 = -32*i - 5*k. Calculate the greatest common divisor of 36 and i.
9
Suppose 5*o - 2*f - 3678 = 0, -5*o + 4*f - 1312 + 4988 = 0. Calculate the highest common factor of 1426 and o.
46
Let b be -1 + -2 + (-75)/(-15) - -18. Suppose -14*l - 96 = -b*l. Calculate the greatest common factor of l and 32.
16
Suppose -2153 = -12*j + 367. Calculate the greatest common factor of j and 42.
42
Suppose 7*a - 10 = 2*a. Let d be ((-6755)/1737)/(25/(-630)). Calculate the highest common divisor of d and a.
2
Let w = 9472 - 9379. Calculate the highest common factor of 10602 and w.
93
Suppose -5*x - 4*r = -1770, -103 = -2*x - 2*r + 607. What is the highest common factor of 280 and x?
70
Let q = -5777 + 5872. What is the greatest common factor of q and 76?
19
Suppose 0 = 5*h - 7*o - 906, -4*h + 1124 = -2*o + 392. Calculate the greatest common divisor of 14812 and h.
92
Let y be (-373182)/(-12) + (-3)/(-6). What is the greatest common factor of y and 137?
137
Let o = 127 - 62. Suppose -7*s + 6*s = b - o, -s + 57 = -b. Calculate the highest common factor of 244 and s.
61
Let m = -125 - -145. Suppose -m*i = i - 420. What is the greatest common factor of 30 and i?
10
Let u(j) = 30*j - 262. Suppose 0 = 37*n - 13*n - 240. Let k be u(n). Let q be (-1)/(226/114 + -2). Calculate the greatest common divisor of q and k.
19
Let u = -21 + 140. Suppose -u*o = -120*o + 13. Suppose 0 = -3*y + o + 2, 23 = 2*a - y. What is the highest common factor of 70 and a?
14
Let m(w) be the second derivative of w**4/4 - 4*w**3/3 - 6*w**2 - 49*w. Let q be m(4). What is the greatest common factor of q and 14?
2
Let r = -133 - -169. Suppose r = b + 31. Suppose -4*d = -7 - 13. What is the highest common divisor of b and d?
5
Let x be (-1*6 - (57 + -65))*23. Suppose -2*l = -5*l + 237. Suppose -5*q = 2*c - 21, -l = -3*c + 2*q - 0*q. What is the highest common factor of x and c?
23
Suppose -12*u = -6*u - 396. Suppose u*w = 93*w - 1890. Calculate the greatest common factor of 40 and w.
10
Let y = -15 - -22. Suppose z + 10 = 2*z - k, -5*z + 4*k + 45 = 0. Let g be 6090/(-116)*(-6)/z. Calculate the highest common divisor of g and y.
7
Let f be (-2)/5 + (-289)/(-85). Let c be (f - 6)/((-3)/251). Let n = c - 126. Calculate the greatest common divisor of n and 25.
25
Suppose 0 = -3*s - 4*n + 1718, -n - 522 = -3*s + 1186. Let y = -150 + s. Let l(t) = -44*t - 2. Let w be l(-1). Calculate the greatest common factor of y and w.
42
Let z(a) = -87*a**2 + 2*a. Let s be z(-1). Let y = s - -143. Let r = -168 - -249. Calculate the greatest common divisor of y and r.
27
Suppose -3*r - 6 = -0*r. Let z be (27/12)/(-3*r/(-64)). Let m be (18/z)/(2/(-16)). What is the greatest common factor of m and 24?
6
Let x(j) = 2*j**2 - 42*j - 35. Let s = 33 - 11. Let u be x(s). What is the greatest common divisor of 396 and u?
9
Let h = 57 + -18. Let j(k) = -k - 27. Let g be j(-29). Suppose 4*w + 2*z = 152, -g*w + 3*z - 5*z + 74 = 0. What is the highest common divisor of w and h?
39
Let s(x) = -416*x - 4976. Let u be s(-12). Calculate the greatest common divisor of u and 428.
4
Suppose -4*s - 15*g + 13874 = -12*g, -3*s = 3*g - 10404. What is the highest common divisor of 20 and s?
10
Let u = 4372 + -4182. Calculate the highest common divisor of 38 and u.
38
Suppose 265 = -5*o - 3*y, -7*y = -5*y - 10. Let j = -18 - o. Let b = 1028 + -686. What is the highest common factor of j and b?
38
Let s(u) = 2*u**3 - 13 + 2*u - u**3 - 237*u**2 + 235*u**2. Let i be s(3). Suppose 0*w + i*w - 40 = 0. Calculate the highest common factor of 20 and w.
20
Suppose -2*r = -5*b + 44, r + 2 = -4*b + 45. Let k be (-30440)/(-100) - 4/b. Calculate the greatest common divisor of k and 19.
19
Suppose -82 + 33432 = 10*v. Calculate the highest common factor of 115 and v.
115
Let r = 3098 + -2794. What is the highest common factor of 48 and r?
16
Let y be (1904/(-102))/((-6)/9). Let h(j) be the first derivative of 29*j**3/3 - j + 4. Let z be h(1). Calculate the highest common divisor of y and z.
28
Let w(l) = -l**2 + 40*l - 104. Let h be w(36). Let r(s) = 2*s + 4. Let b be r(0). Suppose -b*p + 30 = -p. Calculate the highest common factor of p and h.
10
Let h be (0 + 1)*(37 + -35) + 5*1907. Calculate the highest common factor of h and 11.
11
Suppose -4*a + 3*b = -1 - 15, 5*b = 0. Suppose 0 = a*l - 158 + 98. What is the greatest common divisor of 5 and l?
5
Suppose 24 = 22*k - 14*k. Suppose 0 = o - k, -60 = -4*p - 3*o + 7*o. What is the greatest common divisor of 234 and p?
18
Let c be ((-481)/(-2331) - (-2)/9)*(-56)/(-8). Suppose -2*z = 3 - 11. Let w(n) = n**2 - 4*n + 6. Let t be w(z). Calculate the greatest common factor of t and c.
3
Let x = 27 + -31. Let b(i) = i**2 + 6*i + 3. Let j be b(x). Let d(k) = -2*k + 4. Let y be d(j). Calculate the greatest common divisor of 126 and y.
14
Let v(g) = -23*g**3 - g**2 - g + 1. Let x be v(1). Let a = 48 + x. Let h = 44 - a. Calculate the greatest common divisor of h and 5.
5
Let u = 9172 + -3457. What is the greatest common factor of 135 and u?
45
Let u(x) = -3*x**2 - 169*x - 2054. Let j be u(-19). Calculate the highest common divisor of j and 7067.
37
Suppose -2*g = -76 + 116. Let p be (-205)/g*-3*16/(-12). Let z be (164/(-10))/((-3)/15). Calculate the greatest common factor of p and z.
41
Suppose -1222 = -66*o + 230. What is the greatest common factor of o and 30734?